hundred thousands digit of 201702?
2
What is the millions digit of 4755831?
4
What is the hundred thousands digit of 21751403?
7
What is the tens digit of 432320?
2
What is the millions digit of 1019479?
1
What is the thousands digit of 4325809?
5
What is the ten thousands digit of 439071?
3
What is the millions digit of 4955926?
4
What is the hundreds digit of 1068018?
0
What is the thousands digit of 2618807?
8
What is the hundred thousands digit of 1758499?
7
What is the thousands digit of 335366?
5
What is the ten thousands digit of 1209510?
0
What is the units digit of 1595044?
4
What is the tens digit of 4860241?
4
What is the hundreds digit of 80730?
7
What is the hundred thousands digit of 4886376?
8
What is the millions digit of 1328050?
1
What is the tens digit of 350284?
8
What is the hundred thousands digit of 12351451?
3
What is the tens digit of 1102933?
3
What is the hundreds digit of 231212?
2
What is the hundred thousands digit of 1515294?
5
What is the hundreds digit of 13566849?
8
What is the ten thousands digit of 5003216?
0
What is the tens digit of 229475?
7
What is the ten thousands digit of 721954?
2
What is the thousands digit of 1864526?
4
What is the tens digit of 4855141?
4
What is the tens digit of 1056377?
7
What is the hundreds digit of 1223749?
7
What is the thousands digit of 1488196?
8
What is the ten thousands digit of 2996889?
9
What is the thousands digit of 16700431?
0
What is the ten thousands digit of 774354?
7
What is the ten thousands digit of 14933624?
3
What is the thousands digit of 2409798?
9
What is the ten thousands digit of 45400?
4
What is the tens digit of 8515361?
6
What is the hundreds digit of 17345799?
7
What is the hundreds digit of 238885?
8
What is the thousands digit of 95554?
5
What is the hundred thousands digit of 156719?
1
What is the ten thousands digit of 672044?
7
What is the ten thousands digit of 40467788?
6
What is the hundred thousands digit of 642846?
6
What is the tens digit of 553645?
4
What is the thousands digit of 153917?
3
What is the ten thousands digit of 90562?
9
What is the units digit of 7046211?
1
What is the thousands digit of 76256?
6
What is the hundred thousands digit of 230421?
2
What is the millions digit of 23452140?
3
What is the ten thousands digit of 244827?
4
What is the millions digit of 3649022?
3
What is the units digit of 958334?
4
What is the hundreds digit of 683031?
0
What is the thousands digit of 3113162?
3
What is the hundreds digit of 6865549?
5
What is the units digit of 926289?
9
What is the hundred thousands digit of 1232988?
2
What is the hundred thousands digit of 2411647?
4
What is the ten thousands digit of 75854?
7
What is the units digit of 204592?
2
What is the hundred thousands digit of 2783267?
7
What is the ten thousands digit of 5769773?
6
What is the tens digit of 45725?
2
What is the tens digit of 2649620?
2
What is the tens digit of 557020?
2
What is the units digit of 467320?
0
What is the tens digit of 6903164?
6
What is the hundreds digit of 618074?
0
What is the hundreds digit of 1548858?
8
What is the hundred thousands digit of 13237763?
2
What is the units digit of 4902793?
3
What is the ten thousands digit of 136883?
3
What is the millions digit of 15741479?
5
What is the hundreds digit of 25300045?
0
What is the thousands digit of 119573?
9
What is the tens digit of 386702?
0
What is the tens digit of 4264648?
4
What is the hundred thousands digit of 502172?
5
What is the tens digit of 158239?
3
What is the hundred thousands digit of 1890082?
8
What is the tens digit of 10923978?
7
What is the thousands digit of 1187750?
7
What is the units digit of 366641?
1
What is the thousands digit of 72268?
2
What is the hundred thousands digit of 17364263?
3
What is the units digit of 315523?
3
What is the hundreds digit of 149607?
6
What is the units digit of 1137731?
1
What is the millions digit of 32880547?
2
What is the units digit of 223502?
2
What is the thousands digit of 264854?
4
What is the millions digit of 1201212?
1
What is the ten thousands digit of 1648232?
4
What is the thousands digit of 2400099?
0
What is the thousands digit of 1806831?
6
What is the hundreds digit of 570420?
4
What is the ten thousands digit of 10738226?
3
What is the hundreds digit of 1860990?
9
What is the hundreds digit of 247019?
0
What is the thousands digit of 192774?
2
What is the hundreds digit of 169020?
0
What is the thousands digit of 2768218?
8
What is the millions digit of 14825647?
4
What is the hundred thousands digit of 180933?
1
What is the thousands digit of 4917315?
7
What is the hundred thousands digit of 22587401?
5
What is the hundred thousands digit of 122219?
1
What is the units digit of 91993?
3
What is the tens digit of 1509660?
6
What is the hundreds digit of 13608711?
7
What is the ten thousands digit of 60327?
6
What is the units digit of 21376538?
8
What is the hundred thousands digit of 4512088?
5
What is the ten thousands digit of 841139?
4
What is the tens digit of 8123947?
4
What is the hundreds digit of 2195630?
6
What is the tens digit of 3560230?
3
What is the ten thousands digit of 799906?
9
What is the hundreds digit of 1206477?
4
What is the hundred thousands digit of 640713?
6
What is the thousands digit of 10064241?
4
What is the units digit of 62511?
1
What is the tens digit of 13878454?
5
What is the thousands digit of 18625402?
5
What is the tens digit of 101315?
1
What is the tens digit of 1810635?
3
What is the units digit of 8073760?
0
What is the tens digit of 26230?
3
What is the ten thousands digit of 1014032?
1
What is the hundreds digit of 63608?
6
What is the millions digit of 4551991?
4
What is the ten thousands digit of 193587?
9
What is the ten thousands digit of 404013?
0
What is the ten millions digit of 18303174?
1
What is the hundreds digit of 6131788?
7
What is the units digit of 579031?
1
What is the hundreds digit of 281677?
6
What is the hundred thousands digit of 589934?
5
What is the units digit of 473263?
3
What is the millions digit of 10500316?
0
What is the ten thousands digit of 319055?
1
What is the hundred thousands digit of 1494968?
4
What is the millions digit of 8602725?
8
What is the tens digit of 191189?
8
What is the hundred thousands digit of 778606?
7
What is the ten thousands digit of 976779?
7
What is the ten thousands digit of 961547?
6
What is the ten millions digit of 14401845?
1
What is the ten thousands digit of 2727996?
2
What is the tens digit of 16611813?
1
What is the millions digit of 10940502?
0
What is the units digit of 9195357?
7
What is the ten thousands digit of 2709857?
0
What is the hundred thousands digit of 206172?
2
What is the millions digit of 4548330?
4
What is the tens digit of 169916?
1
What is the millions digit of 4902980?
4
What is the hundreds digit of 1745066?
0
What is the hundreds digit of 172397?
3
What is the thousands digit of 160462?
0
What is the millions digit of 2811883?
2
What is the thousands digit of 2052096?
2
What is the tens digit of 824100?
0
What is the units digit of 144594?
4
What is the hundred thousands digit of 950749?
9
What is the millions digit of 2155460?
2
What is the hundred thousands digit of 361150?
3
What is the hundreds digit of 1372519?
5
What is the hundred thousands digit of 470188?
4
What is the hundred thousands digit of 367997?
3
What is the millions digit of 3332047?
3
What is the thousands digit of 8494751?
4
What is the millions digit of 2187546?
2
What is the millions digit of 2983088?
2
What is the ten thousands digit of 602003?
0
What is the hundred thousands digit of 702431?
7
What is the tens digit of 637887?
8
What is the thousands digit of 16163468?
3
What is the units digit of 4312117?
7
What is the tens digit of 3063724?
2
What is the hundreds digit of 476074?
0
What is the hundred thousands digit of 36159258?
1
What is the thousands digit of 23145617?
5
What is the ten thousands digit of 26640214?
4
What is the ten thousands digit of 1341317?
4
What is the hundreds digit of 1787314?
3
What is the ten thousands digit of 3816022?
1
What is the ten thousands digit of 5082975?
8
What is the units digit of 96438?
8
What is the hundreds digit of 1982063?
0
What is the units digi